 = -135578. What is the units digit of g?
6
Let g(w) = -w**3 - 11*w**2 - 5*w + 4. Let t be g(-8). Let u = t - -334. What is the hundreds digit of u?
1
Suppose -848*n + 831*n = -49147. What is the units digit of n?
1
Suppose -w - 5*m - 49 = 0, 78 = -2*w - 5*m - 15. Let i = 81 - w. What is the tens digit of i?
2
Suppose v - 2 - 1 = 0. Suppose 5*g - 242 = -p, -v*g - 5*p + 46 = -86. What is the units digit of g?
9
Let t(k) = -k**3 - 24*k**2 - 23*k + 2. Let d be t(-23). What is the tens digit of (7/((-63)/186))/(d/(-6))?
6
Let n(b) = 454*b + 16. What is the tens digit of n(1)?
7
Let a(h) = 39*h + 16. Suppose 7*m - 5*m = 8. What is the hundreds digit of a(m)?
1
Suppose j - 4 = -0. Suppose 5*x = -j*h + 31, x + 13 = 4*x + h. Suppose x*a = a + 32. What is the tens digit of a?
1
Let d(n) = 593*n + 66. What is the hundreds digit of d(2)?
2
Let w be 3*(0 - 24/9). Let g(f) = -f**3 - 8*f**2 - f - 10. Let h be g(w). Let a = h - -4. What is the units digit of a?
2
Suppose 5*s + 0*o + 4*o - 20 = 0, -s = 4*o - 4. What is the units digit of (-1)/(s/(-16)) + 180/1?
4
Suppose 15 = 3*n - 0*n. Suppose -84 = -n*c - 4*z, -3*c + 5*z = -0*c - 80. What is the tens digit of c?
2
Let a be (1/(-3))/(2/6). Let x be (a - 3)*15/12. Let m(q) = 2*q**2 + 8*q + 7. What is the tens digit of m(x)?
1
Suppose 0 = -2*a - a + 6. Suppose -4*k = -a*v + 80, k + 46 = -2*k + 5*v. What is the units digit of 0*4/12 - k?
2
Suppose -7*c + 22751 = -4*r, 2*c - 5*r = 4077 + 2404. What is the thousands digit of c?
3
Suppose 4*j = -j + 20. Suppose j*v = 2*v + 118. What is the units digit of v?
9
Let s(k) = -k**3 - 9*k**2 - 8*k + 4. Let r be s(-8). Suppose 71 = g - r*p, 0 = g - 0*p - p - 56. Suppose -g + 136 = 5*m. What is the tens digit of m?
1
Suppose 5*j - 14 = -2*c + 3*j, -1 = 2*c - 3*j. Let o be 4/(-18) + 80/36. Suppose -o*g + 5*g = -5*t + 111, -92 = -c*t - 4*g. What is the tens digit of t?
2
Let t = -31 + 17. Suppose 2*n + 0*z + 16 = 4*z, -2*n + 2*z - 20 = 0. Let m = n - t. What is the units digit of m?
2
What is the tens digit of 2/(-16) + 12/((-480)/(-21245))?
3
Suppose -4*s = 2*t - 310, t + 3*s + s = 163. Suppose 6*c - 339 = t. What is the units digit of c?
1
Let x = 289 + 386. What is the tens digit of x?
7
Let m(x) = -266*x**3 + x**2 - 21*x - 47. What is the thousands digit of m(-2)?
2
Let y = 18 + 12. Let f = -25 + y. Suppose -f*g + 2 + 23 = 0. What is the units digit of g?
5
Let k = -57 + 66. Suppose 6*v = -3*v + k. What is the units digit of v?
1
Let n(k) = 2*k**2 + 5*k + 4. Let a be n(-2). Suppose a*c = 3*l - l + 42, 2*c - 5*l - 54 = 0. What is the tens digit of c?
1
Suppose -9*u + 2520 = 9*u. What is the tens digit of u?
4
Let p = 6 + -13. Let z = 15 + p. Let o = 9 - z. What is the units digit of o?
1
Suppose 19*k = 16*k + 5*n + 3788, -5*n + 25 = 0. What is the tens digit of k?
7
What is the tens digit of 45297/81 - (-2)/(-9)?
5
Suppose x + 5*l = -17, -5*x - 3*l = -7*l - 31. Suppose x*d = -d + 164. What is the tens digit of d?
4
Suppose 0 = 3*b + 8*c - 3*c - 901, 4*c - 298 = -b. Suppose -b = -7*r + 713. What is the tens digit of r?
4
Let f(b) = 3*b**2 + 35*b - 17. Let a be ((-2)/2)/((-5)/(-65))*1. What is the units digit of f(a)?
5
Let w(k) = k**3 + 10*k**2 - 5. Let m be (-33)/(-44) + 15/(-4). What is the tens digit of w(m)?
5
Let h(b) = -b + 16 - 8 - 2. Let k = -1 - -3. What is the units digit of h(k)?
4
Let g(p) be the first derivative of 13*p**2/2 - 12*p + 16. What is the tens digit of g(9)?
0
Let q = -24 + 80. Suppose 6*t = 2*t. Suppose t = -2*h + h + q. What is the tens digit of h?
5
Suppose 2*j - 2*f + 6 = 0, -5*j + 0*f - 2*f = 8. Let a be j - -45 - (0 - 1). Suppose -2*t - 4*g = -a, 5*g = 3*t + 2*g - 57. What is the tens digit of t?
2
Let r(y) = -y**3 - 3*y - 2. Let c be r(-2). Suppose 0 = -5*x + 8*x - c. Suppose x*u + 99 = 3*z + 11, -2*u - 80 = -3*z. What is the tens digit of z?
2
Let u(q) = 2*q**2 - 1 - 6 + 1 - 4*q - q**2. Let d be u(6). Let z = -3 + d. What is the units digit of z?
3
Let m = -4 + 2. Let v = -4 - m. What is the units digit of 1 + 2 - v*1?
5
Suppose -107415 = 63*c - 98*c. What is the hundreds digit of c?
0
Suppose 22 = 4*a + 14. Let r(h) = h**2 - 3*h - 7. Let z be r(5). Suppose 0*p - p - a*d = -19, 3*d = -z. What is the units digit of p?
1
Let q = -12 + 16. Suppose 8 = -q*t + 280. What is the units digit of t?
8
What is the units digit of 830/4*(0 + (-8)/(-5))?
2
Let z = -50 + 56. Suppose z*h = -h + 301. What is the tens digit of h?
4
Suppose 0*j + 3*j - 36 = 0. Let g = j - 7. Suppose g*z = 4*z + 10. What is the tens digit of z?
1
Suppose 10*m = 9*m + 180. Suppose -17*w + 12*w = -m. What is the units digit of w?
6
Let q be (-9)/(-11) + 4/22. Let g = 9 - -6. Suppose -25 = -v + 4*t, v - t = q + g. What is the units digit of v?
3
Let o(b) = -b**2 - 104*b + 134. What is the thousands digit of o(-31)?
2
Let p be (1*14)/((-2)/(-5)*-5). What is the units digit of p/(7/3) - -64?
1
Let k(r) = -r**3 + 5*r**2 + 6*r + 6. Let h be k(6). Let v(y) = 6 + 2 - 5*y + 3*y + y. What is the units digit of v(h)?
2
Let d(h) = 7*h - 4. Let g be d(-8). Let r = 21 - 57. Let n = r - g. What is the tens digit of n?
2
Suppose 9*y - 2652 - 705 = 0. What is the hundreds digit of y?
3
Let w = -45 + 52. What is the units digit of (w - -78)*(-1 + 2)?
5
What is the hundreds digit of (2532/(-9))/((-160)/15 + 10)?
4
Let r = 1745 + -1045. What is the hundreds digit of r?
7
Suppose 4*y = 4*w + 32 - 0, 2*y + 5*w + 19 = 0. Suppose 4*i - 2*c = 236, 7 - y = 2*c. What is the tens digit of i?
6
Suppose -3*g + 4*d + 0 + 6 = 0, 3*g + 5*d - 33 = 0. Suppose 7*l = g*l. What is the tens digit of 26/(0 - l - -1)?
2
Let c = -1230 + 2869. What is the units digit of c?
9
Suppose y - 16 = 5*r - 2, 4*r + 5*y = 12. Let l(k) = 11*k**2 - 1. What is the units digit of l(r)?
3
Suppose -183 = 18*g - 2055. What is the hundreds digit of g?
1
Suppose 240 = 4*m - 12*m. Let l = m + 131. What is the units digit of l?
1
Suppose 0 = 2*w - w - 3*a + 8, -2*w - 24 = -2*a. Let f = 165 + w. What is the tens digit of f?
5
Suppose 12 = 4*j, -12042 - 11517 = -4*w - j. What is the thousands digit of w?
5
Let y be -6*(1 + 0) + 0. Let d(l) = -l**3 - 5*l**2 + 5*l - 2. Let j be d(y). Let q = 1 + j. What is the units digit of q?
5
Let z(l) = -3*l**2 + 84*l - 33. What is the hundreds digit of z(23)?
3
Let r = 1381 + -775. What is the units digit of r?
6
Suppose 13*w = -4*w + 510. What is the units digit of w?
0
Suppose 0*m + 5*m = 20. Suppose 4*d - m*g = 156, 3*d = -g - g + 92. What is the units digit of d?
4
Suppose 0 = -460*l + 450*l + 23130. What is the tens digit of l?
1
Let f(n) = 7*n**2 - 15*n + 69. What is the hundreds digit of f(7)?
3
Suppose 2 = -6*t + 278. Suppose 192 = 3*a + 3*s, -5*s - 26 - 74 = -2*a. Suppose t = 2*b - 3*k, 3*b - a = -k - 2. What is the units digit of b?
0
Let g(s) = -135*s**3 - 10*s**2 - 27*s + 3. What is the units digit of g(-2)?
7
Let z = 157 - 105. Suppose -2*n = -3*b - z, -5*n + 127 = -5*b - 3. What is the units digit of n?
6
What is the tens digit of -21*(4/10 + (-626)/15)?
6
Suppose -3*o - 4*q = -4*o + 522, -4*o = -2*q - 2032. What is the units digit of o?
6
Suppose -63*q + 26*q + 18130 = 0. What is the units digit of q?
0
Suppose 23*j - 25*j = -8. Suppose -j - 20 = -t. Suppose 0*m = m - 4*d - t, -3*d + 72 = 3*m. What is the units digit of m?
4
Suppose -66 = 5*k + 2*j - 570, -2*k = 3*j - 206. What is the hundreds digit of k?
1
Suppose -11*x + 1073 = 3*a + 175, -141 = -2*x - 5*a. What is the units digit of x?
3
Let t be 3*(-4)/(16/12). Let v(d) = -4*d - 9. Let h(u) = 9*u + 19. Let p(g) = 3*h(g) + 7*v(g). What is the units digit of p(t)?
3
Let m(b) be the third derivative of -b**5/4 + b**4/8 + b**3/2 - 5*b**2. Let a be m(-5). What is the tens digit of 4/(-5) - a/15?
2
Suppose -5*l + 681 = -149. What is the units digit of l/4 + 24/16?
3
Let s(u) = -56*u - 6. What is the hundreds digit of s(-11)?
6
Let m(u) = -13*u + 9. Let g be m(2). Suppose -5*r - 11 - 136 = -3*z, 2*z = 2*r + 58. Let w = g - r. What is the tens digit of w?
1
Let m be -9*(28/70)/(12/(-10)). Suppose -m*a = 5*a - 496. What is the units digit of a?
2
Let k = 327 - -425. What is the units digit of k?
2
Let o be (-102)/3*(2 - (-2)/(-4)). Let k(x) = x**2 - 4*x - 3. Let c be k(5). What is the tens digit of c/(-6) + (-1802)/o?
3
Suppose -17*q + 15*q =